{"id":4727,"date":"2023-05-18T21:25:35","date_gmt":"2023-05-18T19:25:35","guid":{"rendered":"https:\/\/www.lamaisondekarenchocolat.com\/?post_type=product&#038;p=4727"},"modified":"2026-01-30T17:45:38","modified_gmt":"2026-01-30T16:45:38","slug":"panier-garni-fete-des-meres","status":"publish","type":"product","link":"https:\/\/www.lamaisondekarenchocolat.com\/en\/produit\/panier-garni-fete-des-meres\/","title":{"rendered":"le panier garni praline rose"},"content":{"rendered":"","protected":false},"excerpt":{"rendered":"<p class=\"qtranxs-available-languages-message qtranxs-available-languages-message-en\">Sorry, this entry is only available in <a href=\"https:\/\/www.lamaisondekarenchocolat.com\/fr\/wp-json\/wp\/v2\/product\/4727\" class=\"qtranxs-available-language-link qtranxs-available-language-link-fr\" title=\"Fran\u00e7ais\">Fran\u00e7ais<\/a>. For the sake of viewer convenience, the content is shown below in the alternative language. You may click the link to switch the active language.<\/p>\n<p>Poids net : 620g<\/p>\n<p><strong>S\u00e9lection sp\u00e9ciale Saint-Valentin 2026<\/strong><\/p>\n[shortcodehub id='4729']\n","protected":false},"featured_media":5661,"comment_status":"open","ping_status":"closed","template":"","meta":{"_seopress_robots_primary_cat":"none","_seopress_titles_title":"","_seopress_titles_desc":"FORMAT SP\u00c9CIAL F\u00caTE DES MAMANS. 500g de petits plaisirs \u00e0 la praline \u00e0 partager en famille et dire un tendre merci chocolat\u00e9 \u00e0 la femme qui vous a \u00e9l\u00e9v\u00e9.","_seopress_robots_index":"","om_disable_all_campaigns":false},"product_cat":[15],"product_tag":[27,164,149,162],"class_list":{"0":"post-4727","1":"product","2":"type-product","3":"status-publish","4":"has-post-thumbnail","6":"product_cat-les-thematiques","7":"product_tag-noir","8":"product_tag-panier-garni","9":"product_tag-praline","10":"product_tag-saint-valentin","11":"product_shipping_class-chocolats-classiques","13":"first","14":"instock","15":"taxable","16":"shipping-taxable","17":"purchasable","18":"product-type-simple"},"_links":{"self":[{"href":"https:\/\/www.lamaisondekarenchocolat.com\/en\/wp-json\/wp\/v2\/product\/4727","targetHints":{"allow":["GET"]}}],"collection":[{"href":"https:\/\/www.lamaisondekarenchocolat.com\/en\/wp-json\/wp\/v2\/product"}],"about":[{"href":"https:\/\/www.lamaisondekarenchocolat.com\/en\/wp-json\/wp\/v2\/types\/product"}],"replies":[{"embeddable":true,"href":"https:\/\/www.lamaisondekarenchocolat.com\/en\/wp-json\/wp\/v2\/comments?post=4727"}],"wp:featuredmedia":[{"embeddable":true,"href":"https:\/\/www.lamaisondekarenchocolat.com\/en\/wp-json\/wp\/v2\/media\/5661"}],"wp:attachment":[{"href":"https:\/\/www.lamaisondekarenchocolat.com\/en\/wp-json\/wp\/v2\/media?parent=4727"}],"wp:term":[{"taxonomy":"product_cat","embeddable":true,"href":"https:\/\/www.lamaisondekarenchocolat.com\/en\/wp-json\/wp\/v2\/product_cat?post=4727"},{"taxonomy":"product_tag","embeddable":true,"href":"https:\/\/www.lamaisondekarenchocolat.com\/en\/wp-json\/wp\/v2\/product_tag?post=4727"}],"curies":[{"name":"wp","href":"https:\/\/api.w.org\/{rel}","templated":true}]}}

<p class="qtranxs-available-languages-message qtranxs-available-languages-message-en">Sorry, this entry is only available in <a href="https://www.lamaisondekarenchocolat.com/fr/wp-json/wp/v2/product/4727" class="qtranxs-available-language-link qtranxs-available-language-link-fr" title="Français">Français</a>. For the sake of viewer convenience, the content is shown below in the alternative language. You may click the link to switch the active language.</p>
<p>Poids net : 620g</p>
<p><strong>Sélection spéciale Saint-Valentin 2026</strong></p>
[shortcodehub id='4729']

FORMAT SPÉCIAL FÊTE DES MAMANS. 500g de petits plaisirs à la praline à partager en famille et dire un tendre merci chocolaté à la femme qui vous a élévé.
