{"id":3689,"date":"2021-02-05T23:44:21","date_gmt":"2021-02-05T22:44:21","guid":{"rendered":"https:\/\/www.lamaisondekarenchocolat.com\/?post_type=product&#038;p=3689"},"modified":"2026-02-22T12:45:28","modified_gmt":"2026-02-22T11:45:28","slug":"pate-tartiner-praline-rose","status":"publish","type":"product","link":"https:\/\/www.lamaisondekarenchocolat.com\/en\/produit\/pate-tartiner-praline-rose\/","title":{"rendered":"la p\u00e2te \u00e0 tartiner praline rose 300g"},"content":{"rendered":"","protected":false},"excerpt":{"rendered":"<p><strong>Poids net :<\/strong> environ 325g<br \/>\n<strong>Taille<\/strong> : 7,2cm x 7,2cm x 10,5cm<\/p>\n[shortcodehub id='3688']\n","protected":false},"featured_media":5123,"comment_status":"open","ping_status":"closed","template":"","meta":{"_seopress_robots_primary_cat":"none","_seopress_titles_title":"","_seopress_titles_desc":"Go\u00fbtez \u00e0 une p\u00e2te \u00e0 tartiner hors du commun ! Notre artisane lyonnaise marie avec d\u00e9licatesse la praline rose d'amandes et une p\u00e2te chocolat\u00e9e aux ar\u00f4mes de vanille de Madagascar.","_seopress_robots_index":"","om_disable_all_campaigns":false},"product_cat":[32],"product_tag":[84,148,153,149],"class_list":{"0":"post-3689","1":"product","2":"type-product","3":"status-publish","4":"has-post-thumbnail","6":"product_cat-les-gourmandises","7":"product_tag-amandes","8":"product_tag-fete-des-meres","9":"product_tag-pate-a-tartiner","10":"product_tag-praline","11":"product_shipping_class-chocolats-classiques","13":"first","14":"instock","15":"taxable","16":"shipping-taxable","17":"purchasable","18":"product-type-simple"},"_links":{"self":[{"href":"https:\/\/www.lamaisondekarenchocolat.com\/en\/wp-json\/wp\/v2\/product\/3689","targetHints":{"allow":["GET"]}}],"collection":[{"href":"https:\/\/www.lamaisondekarenchocolat.com\/en\/wp-json\/wp\/v2\/product"}],"about":[{"href":"https:\/\/www.lamaisondekarenchocolat.com\/en\/wp-json\/wp\/v2\/types\/product"}],"replies":[{"embeddable":true,"href":"https:\/\/www.lamaisondekarenchocolat.com\/en\/wp-json\/wp\/v2\/comments?post=3689"}],"wp:featuredmedia":[{"embeddable":true,"href":"https:\/\/www.lamaisondekarenchocolat.com\/en\/wp-json\/wp\/v2\/media\/5123"}],"wp:attachment":[{"href":"https:\/\/www.lamaisondekarenchocolat.com\/en\/wp-json\/wp\/v2\/media?parent=3689"}],"wp:term":[{"taxonomy":"product_cat","embeddable":true,"href":"https:\/\/www.lamaisondekarenchocolat.com\/en\/wp-json\/wp\/v2\/product_cat?post=3689"},{"taxonomy":"product_tag","embeddable":true,"href":"https:\/\/www.lamaisondekarenchocolat.com\/en\/wp-json\/wp\/v2\/product_tag?post=3689"}],"curies":[{"name":"wp","href":"https:\/\/api.w.org\/{rel}","templated":true}]}}

la pâte à tartiner praline rose 300g

Goûtez à une pâte à tartiner hors du commun ! Notre artisane lyonnaise marie avec délicatesse la praline rose d'amandes et une pâte chocolatée aux arômes de vanille de Madagascar.
