{"id":2590,"date":"2019-11-07T05:59:44","date_gmt":"2019-11-07T04:59:44","guid":{"rendered":"https:\/\/www.lamaisondekarenchocolat.com\/?post_type=product&#038;p=2590"},"modified":"2026-04-15T21:57:02","modified_gmt":"2026-04-15T19:57:02","slug":"les-aperolats","status":"publish","type":"product","link":"https:\/\/www.lamaisondekarenchocolat.com\/en\/produit\/les-aperolats\/","title":{"rendered":"les ap\u00e9rolats"},"content":{"rendered":"<section class=\"wpb-content-wrapper\">[vc_row][vc_column]<div class=\"ult-just-icon-wrapper  \"><div class=\"align-icon\" style=\"text-align:center;\"><\/div><\/div>[\/vc_column][\/vc_row]\n<\/section>","protected":false},"excerpt":{"rendered":"<p class=\"qtranxs-available-languages-message qtranxs-available-languages-message-en\">Sorry, this entry is only available in <a href=\"https:\/\/www.lamaisondekarenchocolat.com\/fr\/wp-json\/wp\/v2\/product\/2590\" class=\"qtranxs-available-language-link qtranxs-available-language-link-fr\" title=\"Fran\u00e7ais\">Fran\u00e7ais<\/a>. For the sake of viewer convenience, the content is shown below in the alternative language. You may click the link to switch the active language.<\/p>\n<p><strong>Poids net :<\/strong>\u00a0environ 172g (1 boite)<br \/>\n<strong>Taille\u00a0:<\/strong> 19 x 11,5 x 2 cm<br \/>\n<strong>Prix au kilo :<\/strong> 145 \u20ac \/ Kg<\/p>\n[shortcodehub id=\"3468\"]\n","protected":false},"featured_media":4462,"comment_status":"open","ping_status":"closed","template":"","meta":{"_seopress_robots_primary_cat":"none","_seopress_titles_title":"","_seopress_titles_desc":"Karen a eu l'id\u00e9e d'associer des ganaches de chocolat blanc, lait ou noir \u00e0 des ingr\u00e9dients sal\u00e9s pour cr\u00e9er un nouveau moment de consommation pour les chocolats : l'ap\u00e9ritif.","_seopress_robots_index":"","om_disable_all_campaigns":false},"product_cat":[15,124],"product_tag":[127,128],"class_list":{"0":"post-2590","1":"product","2":"type-product","3":"status-publish","4":"has-post-thumbnail","6":"product_cat-les-thematiques","7":"product_cat-les-boites-specialites","8":"product_tag-aperitif","9":"product_tag-sucre-sale","10":"product_shipping_class-chocolats-classiques","12":"first","13":"instock","14":"featured","15":"taxable","16":"shipping-taxable","17":"purchasable","18":"product-type-simple"},"_links":{"self":[{"href":"https:\/\/www.lamaisondekarenchocolat.com\/en\/wp-json\/wp\/v2\/product\/2590","targetHints":{"allow":["GET"]}}],"collection":[{"href":"https:\/\/www.lamaisondekarenchocolat.com\/en\/wp-json\/wp\/v2\/product"}],"about":[{"href":"https:\/\/www.lamaisondekarenchocolat.com\/en\/wp-json\/wp\/v2\/types\/product"}],"replies":[{"embeddable":true,"href":"https:\/\/www.lamaisondekarenchocolat.com\/en\/wp-json\/wp\/v2\/comments?post=2590"}],"wp:featuredmedia":[{"embeddable":true,"href":"https:\/\/www.lamaisondekarenchocolat.com\/en\/wp-json\/wp\/v2\/media\/4462"}],"wp:attachment":[{"href":"https:\/\/www.lamaisondekarenchocolat.com\/en\/wp-json\/wp\/v2\/media?parent=2590"}],"wp:term":[{"taxonomy":"product_cat","embeddable":true,"href":"https:\/\/www.lamaisondekarenchocolat.com\/en\/wp-json\/wp\/v2\/product_cat?post=2590"},{"taxonomy":"product_tag","embeddable":true,"href":"https:\/\/www.lamaisondekarenchocolat.com\/en\/wp-json\/wp\/v2\/product_tag?post=2590"}],"curies":[{"name":"wp","href":"https:\/\/api.w.org\/{rel}","templated":true}]}}

les apérolats

<p class="qtranxs-available-languages-message qtranxs-available-languages-message-en">Sorry, this entry is only available in <a href="https://www.lamaisondekarenchocolat.com/fr/wp-json/wp/v2/product/2590" class="qtranxs-available-language-link qtranxs-available-language-link-fr" title="Français">Français</a>. For the sake of viewer convenience, the content is shown below in the alternative language. You may click the link to switch the active language.</p>
<p><strong>Poids net :</strong> environ 172g (1 boite)<br />
<strong>Taille :</strong> 19 x 11,5 x 2 cm<br />
<strong>Prix au kilo :</strong> 145 € / Kg</p>
[shortcodehub id="3468"]

Karen a eu l'idée d'associer des ganaches de chocolat blanc, lait ou noir à des ingrédients salés pour créer un nouveau moment de consommation pour les chocolats : l'apéritif.
